7 + -1 + 5 + 10 + 2
9
Evaluate -3 + -3 - (-12 + (17 - 14) - 29).
32
Calculate 3 - ((2 - -3) + -5) - (-1 - 0).
4
Evaluate -7 + 5 - 14 - (10 + -17).
-9
What is the value of -10 + (46 - (11 - 22)) + -12?
35
Evaluate -3 + (3 - 17) - -32.
15
Evaluate (6 - (25 - 8)) + -14 + 6.
-19
What is the value of -8 + (-8 + -8 - -37)?
13
Evaluate 22 - (-14 + 104 + -46).
-22
Calculate 3 - (5 + -4) - (-8 + -13 + 24).
-1
What is the value of (-3 - -45) + -2 + 2 - (588 - 578)?
32
Calculate (1 - 18) + (-16 - -17).
-16
What is the value of (-10 - 3 - (10 - 18)) + 8?
3
Calculate (3 + -14 - (-6 + 10 + -7)) + 25.
17
Calculate -2 - (14 - -1 - (-20 - -34)).
-3
-5 + -1 - -3 - (-29 + 14 - -3)
9
What is (22 - -7 - (3 - -2 - 0)) + 5?
29
Calculate (11 - (-2 + 2 + 5)) + 34 + -26.
14
(-9 - -26) + (-19 - -5)
3
Calculate 18 + -17 - (-6 + 12).
-5
Calculate 17 - (9 + (9 - 8 - 6)).
13
What is the value of (-4 - -12) + (16 - 18) + -26?
-20
Calculate -12 + -1 + -29 + (9 - 4).
-37
Calculate (-134 - -136) + (-10 - 0).
-8
What is -17 - 4 - (179 + -210)?
10
-3 + (-2 - (-8 - (-10 + 15)))
8
Evaluate -22 + (15 - -14) + -15.
-8
What is the value of (12 - 12) + (24 - 19 - (1 - 1))?
5
Calculate -2 + 9 - (9 + -4) - 22.
-20
2 + 19 + -25 + -8 + (0 - -1)
-11
Evaluate (8 - (-12 - -18)) + 10 - 42.
-30
Evaluate 1 + (-5 - -14) + (10 - 15).
5
Evaluate (1 - 5) + -12 + (9 - (-12 + 8)).
-3
What is (-8 - -16 - (-8 + 0)) + 1?
17
Evaluate (-3 - -18) + (-30 - -18) + -22 + -1.
-20
-14 + (7 + 8 - 9)
-8
Evaluate -43 + 24 - (-17 + 3) - -4.
-1
What is (-1 - (2 + 11) - -6) + -23?
-31
Evaluate 6 + (-36 + 30 - (19 - 1)) - -2.
-16
Calculate 6 + (5 + -6 - (3 + (6 - 8))).
4
What is the value of 1 - ((1 + -1 - (-13 + 15)) + 0)?
3
(-12 + -14 + -16 - -10) + 13
-19
Evaluate 6 - (22 - (5 + -8) - 4).
-15
What is the value of -19 - (-8 - (-12 - -15))?
-8
Evaluate 4 + -1 + (-9 - (-7 + -5 + 4)).
2
What is the value of 17 - 15 - (0 - (-9 + -4))?
-11
(8 - 35) + 50 - 53
-30
What is the value of -9 + (13 + -11 - -11) - (4 + 2)?
-2
What is 8 + -3 + 7 + 0 - 32?
-20
Evaluate (16 - (20 - 17)) + -13.
0
What is 17 + 5 - (-170 - -180)?
12
What is -5 + (-7 - -2) + 22 + -9 + -2?
1
What is 26 - ((-16 - (7 - 15)) + 20 - 16)?
30
What is -1 + 6 - (215 - 204)?
-6
-2 + 21 + -7 - (0 + 8) - -4
8
(8 - 3) + -1 + -27 + 18 - 0
-5
What is 8 - (-1 + (20 - -1))?
-12
Calculate -9 + (-11 - (1 + -7) - (17 - 17)).
-14
What is (-3 - 1) + 4 - -4 - (4 - 15)?
15
26 + -10 + -6 - (8 + 0)
2
Calculate 20 - 7 - -32 - 23.
22
Calculate -3 - -1 - (-14 + -7 + 29).
-10
What is the value of 6 - (-10 + 11 - 1 - 8)?
14
What is -1 + 3 + -6 + -6 - 4?
-14
Evaluate 76 - 38 - 32 - -15.
21
Calculate -7 + -1 + (-31 - (-7 - 41)).
9
Calculate -242 + 206 + -1 + 10.
-27
Evaluate (22 - (4 - -10)) + -17.
-9
Evaluate 4 + (-17 + 1 + 7 - 12).
-17
Calculate (-67 - -31) + 38 - 5.
-3
What is (-5 - (-9 - 1)) + -24?
-19
17 + -43 - (18 - 10 - 8)
-26
Evaluate 11 + -37 + (-7 - -18) + 1 + 1.
-13
Evaluate 2 - ((-6 - -3) + (28 - 19)).
-4
Calculate (43 + -33 - -13) + -40.
-17
What is the value of 1 + -1 + -3 - (-5 - (16 - 10))?
8
Evaluate -7 + -4 + (4 - 0) - 3.
-10
Calculate -19 - ((-8 - -11) + -9) - -14.
1
Evaluate (-1 + 2 - (36 + -25)) + -1 + 2.
-9
(8 - (20 - 17 - 9)) + -12
2
What is the value of 41 + (-13 - 21) + 23?
30
Calculate 0 - -13 - (7 - 6 - -7) - 23.
-18
1 + -4 - 4 - (-33 + 17)
9
Evaluate 1 + 7 - -1 - -1.
10
What is the value of 7 - (11 - (-12 - -24))?
8
-33 + (-9 - -10 - -17)
-15
Evaluate (139 - 103) + -34 + 3.
5
Evaluate -12 - (-8 + (19 - 0) + -10).
-13
Evaluate 17 + -24 - 19 - -14.
-12
What is (-4 - (5 + -17)) + -18?
-10
What is -4 + (-10 + 27 - 1) + 3?
15
What is -9 + (3 - 4) - (-41 - -22)?
9
Calculate (-19 - -22) + -19 + -11.
-27
What is 7 + -8 + 0 - (-1 + 3)?
-3
-2 - (2 - ((8 - 10) + 5))
-1
-8 - (-6 + 7 - (-4 + 11 - 2))
-4
-5 + (-23 - -25) + (-4 - 1)
-8
What is 4 + -1 + -22 + 6 + 4?
-9
Evaluate (0 - 4) + 12 + -23.
-15
What is 26 + (0 - (17 + -15)) + (2 - 1)?
25
What is the value of 15 + -6 - (32 - 14)?
-9
Evaluate -11 - ((7 - -2) + -7 + -5).
-8
Calculate 19 + 1 - (45 - 36).
11
528 + -530 + (10 - 0)
8
What is the value of -16 + -21 + 9 + 1 + 19?
-8
Evaluate 19 - (-3 + 6) - 17.
-1
What is the value of -1 - 0 - (-13 + 0 + 2)?
10
(-12 - -17) + (-3 - (4 - -21) - -2)
-21
What is the value of -45 + 50 + (4 + -1 - (-9 - -7))?
10
What is the value of 35 + (-22 - -7) + -29?
-9
What is -3 + (-2 - 0) + 0 + 4 + -10?
-11
Calculate -16 + (0 + 3 - (3 - 0)).
-16
3 - (-17 + 26 + -1)
-5
Calculate (26 + -18 + 0 - 3) + -12.
-7
-5 + (1 + -2 - -8) + 9
11
Calculate -4 - (0 + (-4 - -3)).
-3
1 - (137 + -130 - (9 - 1))
2
Calculate (3 - 32) + 182 + -164.
-11
Evaluate -27 - (0 - (-6 + 14)).
-19
Evaluate 237 + -233 + -5 + 17.
16
What is the value of (-23 - -27) + (4 + -11 - (5 - -1))?
-9
Calculate 8 + -1 - (-45 - -39 - 2).
15
12 - (-21 + 15) - (-8 + 3)
23
What is 3 + 4 - (-18 - -14)?
11
What is the value of (-19 - (4 - 14 - 3)) + (7 - -3)?
4
What is (2 - 18) + -489 + 517?
12
Calculate 10 + (-4 - 5 - -8) + (0 - 4).
5
Evaluate -1 - (-15 - -12) - (17 - 8).
-7
What is 10 - 24 - -12 - -6 - 13?
-9
Evaluate (-19 - (-11 + -8)) + (0 - -13).
13
What is the value of -3 + (0 - -2) + -1 + (-252 - -249)?
-5
What is (-6 - 21) + 48 + -28?
-7
Evaluate 2 + 6 - (-3 - -8 - 0).
3
What is the value of -16 + 31 - 23 - -5?
-3
Calculate -21 - (11 + -27) - (-1 + 3 - -9).
-16
What is the value of 10 + (2 - -3) + (37 - 44)?
8
What is 3 + (-4 - -11) + -20?
-10
Calculate 7 - (14 + -10 + -6 + 3).
6
Evaluate -10 - (-47 - (-41 + 22)).
18
(-9 + 5 - (3 - 8)) + 10
11
Evaluate (4 - 6) + 8 - 32 - -6.
-20
Evaluate (17 - -31) + -31 + -17.
0
Calculate 8 + -1 + 8 - 30.
-15
What is -1 + 2 + 5 + (-94 - -96) - 7?
1
What is 4 + 5 + (-6 - (-9 + -6))?
18
Evaluate (-25 - -34) + -5 + 0 + -5.
-1
Calculate -11 + 28 + -11 + 3 + -24.
-15
Evaluate 16 + -28 + (3 - 4).
-13
Calculate -2 - 2 - (-4 - (1 - 0)) - 5.
-4
What is (0 + -1 - 1) + -49 + 39?
-12
-13 + -3 + (15 - 1)
-2
40 - (110 + -5 + -37)
-28
What is -277 + 258 - (-24 - -4)?
1
Evaluate (2 - (-4 + 5) - (7 - 5)) + 4.
3
What is the value of -30 - (11 + (-8 - 11))?
-22
What is the value of 16 - (0 + 4 + 45)?
-33
What is the value of 2 - (-1 - (7 + -2 - 3))?
5
What is the value of (-3 - 0) + -9 + -13 + 14?
-11
Evaluate -90 - -66 - (-3 + -10).
-11
(15 - 42) + 1 + -2 + -3 + 7
-24
What is the value of 2 + 10 + (23 - (-13 + 30))?
18
What is the value of -9 + (-22 - -18) + 17 - (1 + 23)?
-20
0 - (-4 + 8) - (11 - 21) - -5
11
What is (1 - 9) + 18 + -20 - -19?
9
What is 16 + (-2 + -17 - (-70 + 58))?
9
What is the value of (-2 - ((-11 - -2) + 0 + 3)) + -3?
1
What is -2 + -4 + -7 + 33 - 6?
14
What is the value of -1 - -10 - (18 + 0 - 36)?
27
Evaluate -6 + -3 + 4 + 1 + 0 + 6.
2
Evaluate -26 - (2 - 28 - 35).
35
What is 2 - -5 - (9 + -23 + 13)?
8
Evaluate -1 + -23 - (-568 - -545).
-1
Evaluate -26 + (40 - 20) - -42.
36
Evaluate (-6 - -8) + (6 - (-5 + 35) - -1).
-21
What is the value of 1 + (15 - 24) + 7?
-1
What is the value of -3 - (2 + (2 - (-10 + 14)))?
-3
What is (-30 - -7) + 1 + 3 - -7?
-12
What is 3 + -26 + (-2 - -16) + -5?
-14
What is -5 + (-11 + 6 - -26) - (0 - -5)?
11
Calculate 1 + -2 - (9 - (0 - -2)).
-8
Evaluate 10 - 4 - (-21 - (-51 + 15)).
-9
What is -326 + 315 - (1 - -1)?
-13
-12 - (9 + -4 + 4 - 37)
16
What is the value of 1 - -13 - (36 + -22 + 1)?
-1
What is -8 - (1 - 13) - -6?
10
Evaluate -5 + 7 + 3 + -5 - -2 - 10.
-8
Evaluate -1 - -13 - (-82 + 74 - (-25 + -13)).
-18
Evaluate (-32 - (-8 - 8)) + 3.
-13
What is -1 + 7 + 4 - (8 - (-16 - -19))?
5
What is (-2 - ((18 - 1) + 4)) + 82 + -82?
-23
What is -1 + (6 - 0) - (-29 - (8 + -17))?
25
Calculate (-61 - -60) + -11 + (1 - -2).
-9
What is the value of -9 + (-10 + -5 + 13 + -3 - -4)?
-10
What is 1 + -1 + -14 - (-187 + 179)?
-6
(-7 - 29 - -25) + (1 - -8)
-2
What is -220 + 216 + 16 + -1?
11
Calculate -193 + 180 - (1 + 1 + 12).
-27
What is the value of -461 - -473 - (1 + 0 - (-4 + 4))?
11
Evaluate 13 - (1 - (10 - (10 + 0))).
12
Evaluate -19 - -20 - (6 - -1).
-6
What is -7 + -3 + 15 + 11?
16
What is the value of 0 + -33 - (-144 + 90)?
21
Evaluate -13 - 6 - -16 - 9.
-12
Calculate 1 - 0 - 0 - (42 - 6 - 33).
-2
What is the value of -3 + 1 - (3 - (14 + -1 + -18))?
-10
What is the value of (22 - (-22 + 75)) + 28?
-3
What is -1 + (-1 - ((7 - (6 + 0)) + -7))?
4
Evaluate 11 - ((22 - 14) 